me factors of 882565143.
3, 19, 113, 263, 521
What are the prime factors of 73864203?
3, 7, 3517343
List the prime factors of 23066841.
3, 7, 17, 64613
List the prime factors of 10843762.
2, 41, 132241
What are the prime factors of 3416522098?
2, 11, 155296459
What are the prime factors of 2332041648?
2, 3, 73, 181, 3677
List the prime factors of 7953355588.
2, 661, 3008077
List the prime factors of 88139596.
2, 2741, 8039
What are the prime factors of 3903215644?
2, 23, 191, 222127
What are the prime factors of 387498005?
5, 647, 119783
What are the prime factors of 23235467?
29, 347, 2309
What are the prime factors of 1951097115?
3, 5, 11, 11824831
What are the prime factors of 2668556721?
3, 79, 11259733
List the prime factors of 303968734.
2, 61, 2491547
What are the prime factors of 1782811138?
2, 53, 103, 283, 577
What are the prime factors of 42076592?
2, 2629787
What are the prime factors of 3345141896?
2, 23, 89, 359, 569
What are the prime factors of 32602143?
3, 7, 37, 41959
List the prime factors of 2317002819.
3, 23, 97, 103, 3361
What are the prime factors of 108831975?
3, 5, 7, 23, 9013
What are the prime factors of 268516105?
5, 11, 13, 17, 22091
List the prime factors of 7509601.
11, 41, 16651
List the prime factors of 178111013.
178111013
List the prime factors of 309713851.
19, 2693, 6053
What are the prime factors of 1317890128?
2, 82368133
What are the prime factors of 1941244198?
2, 67, 131, 110587
List the prime factors of 153144163.
5507, 27809
List the prime factors of 1440116395.
5, 288023279
What are the prime factors of 74499183?
3, 11, 47, 593
List the prime factors of 317407891.
109, 131, 22229
List the prime factors of 28266835.
5, 17, 41, 8111
List the prime factors of 1168767123.
3, 389589041
What are the prime factors of 588411020?
2, 5, 29420551
What are the prime factors of 650554997?
17, 38267941
What are the prime factors of 41596152?
2, 3, 13, 133321
What are the prime factors of 236703090?
2, 3, 5, 13, 46687
List the prime factors of 926027693.
4933, 187721
What are the prime factors of 394590159?
3, 43843351
List the prime factors of 16740740.
2, 5, 211, 3967
List the prime factors of 259173600.
2, 3, 5, 7, 15427
What are the prime factors of 1804992624?
2, 3, 89, 140839
What are the prime factors of 713937160?
2, 5, 19, 939391
What are the prime factors of 206735515?
5, 7, 503, 11743
What are the prime factors of 298663181?
113, 2643037
What are the prime factors of 23565811?
113, 347, 601
List the prime factors of 24253985.
5, 7, 17, 40763
What are the prime factors of 73065623?
73065623
What are the prime factors of 348923025?
3, 5, 11, 46993
What are the prime factors of 309942339?
3, 7, 139, 106181
List the prime factors of 142419500.
2, 5, 284839
List the prime factors of 5011167454.
2, 43, 199, 349, 839
What are the prime factors of 728348297?
728348297
What are the prime factors of 667344715?
5, 133468943
What are the prime factors of 541427084?
2, 11, 17, 23, 2861
What are the prime factors of 106157158?
2, 53078579
What are the prime factors of 2650618041?
3, 883539347
List the prime factors of 416042293.
41, 10147373
List the prime factors of 702831538.
2, 139, 157, 16103
What are the prime factors of 12567511?
11, 601, 1901
What are the prime factors of 523208381?
101, 5180281
What are the prime factors of 41372480?
2, 5, 129289
List the prime factors of 53831480.
2, 5, 1345787
List the prime factors of 26556724.
2, 239, 27779
List the prime factors of 83594589.
3, 13, 2143451
List the prime factors of 11645419.
11645419
What are the prime factors of 24318324?
2, 3, 37, 18257
List the prime factors of 219217462.
2, 23, 4765597
List the prime factors of 1449805177.
1449805177
List the prime factors of 2543132038.
2, 1271566019
List the prime factors of 236401908.
2, 3, 31, 59, 10771
What are the prime factors of 183635913?
3, 61211971
What are the prime factors of 1056142?
2, 17, 31063
List the prime factors of 405733980.
2, 3, 5, 19, 151, 2357
What are the prime factors of 951969172?
2, 7, 11, 23, 61, 2203
List the prime factors of 2370837496.
2, 296354687
List the prime factors of 36048337.
13, 23, 120563
What are the prime factors of 842213061?
3, 2797, 33457
What are the prime factors of 4890945?
3, 5, 326063
What are the prime factors of 115380910?
2, 5, 113, 102107
List the prime factors of 26850808.
2, 131, 25621
What are the prime factors of 3598068?
2, 3, 19, 43, 367
List the prime factors of 89060511.
3, 53, 73, 7673
What are the prime factors of 23660737?
53, 79, 5651
List the prime factors of 178269976.
2, 569, 39163
What are the prime factors of 13459118?
2, 419, 16061
What are the prime factors of 508610413?
1019, 499127
List the prime factors of 4235128593.
3, 29, 47, 877, 1181
List the prime factors of 797532298.
2, 881, 452629
List the prime factors of 80597650.
2, 5, 7, 67, 491
List the prime factors of 31449399.
3, 10483133
What are the prime factors of 589166499?
3, 196388833
List the prime factors of 34734598.
2, 47, 59, 6263
List the prime factors of 511368649.
11, 46488059
List the prime factors of 60516710.
2, 5, 19, 431, 739
What are the prime factors of 791834100?
2, 3, 5, 2639447
List the prime factors of 107378326.
2, 11, 937, 5209
What are the prime factors of 904213087?
18229, 49603
List the prime factors of 1584794674.
2, 19, 1361, 30643
What are the prime factors of 130995634?
2, 7, 11, 691, 1231
List the prime factors of 390937364.
2, 97734341
What are the prime factors of 3164773698?
2, 3, 1193, 147377
What are the prime factors of 654375945?
3, 5, 293, 148891
What are the prime factors of 3869401773?
3, 17, 41, 1850503
What are the prime factors of 60489268?
2, 7, 41, 52691
List the prime factors of 89360784.
2, 3, 620561
List the prime factors of 129476398.
2, 31, 2088329
List the prime factors of 2448128350.
2, 5, 17, 137, 21023
List the prime factors of 933113624.
2, 383, 304541
List the prime factors of 643253901.
3, 29, 83, 229, 389
What are the prime factors of 228977765?
5, 23, 29, 68659
What are the prime factors of 3153028160?
2, 5, 2459, 4007
What are the prime factors of 563801841?
3, 71, 163, 5413
What are the prime factors of 234169777?
4373, 53549
What are the prime factors of 6667452567?
3, 1871, 395953
What are the prime factors of 106438084?
2, 26609521
What are the prime factors of 1400806448?
2, 521, 168043
What are the prime factors of 99515539?
4409, 22571
What are the prime factors of 177522117?
3, 541, 109379
List the prime factors of 52506759.
3, 17502253
What are the prime factors of 1087201028?
2, 8329, 32633
What are the prime factors of 165760168?
2, 7, 2960003
What are the prime factors of 632095581?
3, 13, 17, 163, 5849
List the prime factors of 2028944.
2, 173, 733
What are the prime factors of 2227464259?
19, 117234961
What are the prime factors of 546762692?
2, 7, 101, 397, 487
What are the prime factors of 9270691?
29, 319679
What are the prime factors of 223187715?
3, 5, 61, 81307
List the prime factors of 2091248517.
3, 1117, 624067
List the prime factors of 49699653.
3, 17, 59, 83, 199
What are the prime factors of 205735230?
2, 3, 5, 19, 23, 5231
List the prime factors of 45468404.
2, 17, 29, 23057
List the prime factors of 310808032.
2, 9712751
List the prime factors of 785944963.
785944963
List the prime factors of 366260909.
7, 52322987
List the prime factors of 1246905767.
1246905767
What are the prime factors of 18349376?
2, 409, 701
List the prime factors of 1587254161.
113, 337, 41681
What are the prime factors of 4233745357?
19, 541, 411883
List the prime factors of 174891503.
174891503
List the prime factors of 312489804.
2, 3, 11, 2367347
List the prime factors of 475289942.
2, 237644971
List the prime factors of 4482214486.
2, 61, 941, 39043
What are the prime factors of 263554067?
7, 857, 43933
List the prime factors of 521220828.
2, 3, 29, 79, 18959
What are the prime factors of 3350969032?
2, 41, 1061, 9629
List the prime factors of 116869865.
5, 7, 37, 90247
What are the prime factors of 101026655?
5, 20205331
List the prime factors of 5089166097.
3, 1696388699
List the prime factors of 1099022251.
29, 43, 881333
What are the prime factors of 76904833?
37, 2078509
What are the prime factors of 6244986